u) = 4*u**3 - 3*u**2 + 4*u - 2. Calculate the remainder when d is divided by g(2).
23
Let r(q) = -q**2 + 16*q + 13. What is the remainder when r(15) is divided by 15?
13
Let p(q) = -q**2 + 10*q + 10. What is the remainder when p(9) is divided by 10?
9
Suppose 3*y = -4*t - 16, 3*t - t + y = -10. Let l(z) = z + 10. What is the remainder when 9 is divided by l(t)?
0
Suppose -4 = -3*v + v. Suppose 0 = v*x - x + 4, -x - 42 = -2*c. Calculate the remainder when c is divided by 7.
5
Suppose 4*g = 5*r + 75, g - 3 = -4*r - 0. What is the remainder when g is divided by 2/(-3) - (-26)/3?
7
Let z(n) = -n**3 - 5*n**2 - n + 5. Let b(j) = -j - 2. Let x be b(4). Calculate the remainder when z(x) is divided by 24.
23
Let c = -15 - -24. What is the remainder when 52 is divided by c?
7
Let g(x) be the second derivative of 9*x**5/20 - x**4/12 + x**3/3 - x**2/2 - 8*x. Calculate the remainder when g(1) is divided by 3.
0
Suppose -22 = -y + n, -3*n + 5 = 17. Calculate the remainder when 65 is divided by y.
11
Let c(x) be the third derivative of 19*x**5/60 - x**4/24 - 3*x**2. What is the remainder when c(1) is divided by 10?
8
Let m = -8 + 13. Suppose 3*t = 5*v - 79, -17 - 43 = -4*v + 4*t. What is the remainder when v is divided by m?
2
Let q be 3 + -4 + -1 + 9. Suppose -q = k - 5*n, -17 = -2*k + n + 14. Calculate the remainder when k is divided by 10.
8
Let d(a) = -64*a - 2. Let w be d(-1). Suppose -5*r = -2*h + w, -2*h - 3*h - 3*r = -124. Calculate the remainder when h is divided by 7.
5
Let u be (2/2 - -1) + -3. Suppose 4*h + 0*h - 12 = 0. Let a = u + h. Calculate the remainder when 2 is divided by a.
0
What is the remainder when 29 is divided by (-52)/(-4) - (-1 + 4)?
9
Let r(b) be the third derivative of -b**4/12 - 2*b**2. Calculate the remainder when 29 is divided by r(-5).
9
Let d(s) be the first derivative of -s**2 - 21*s - 3. Calculate the remainder when 18 is divided by d(-14).
4
Suppose x - 7 = f + 10, f + 4 = 0. Calculate the remainder when 38 is divided by x.
12
Suppose 5*r - r = 20, 130 = 5*l + 5*r. What is the remainder when l is divided by 11?
10
Let b = 34 + -25. Calculate the remainder when 33 is divided by b.
6
Suppose -3*u = -w, 4*u = 4*w - 6*w + 20. What is the remainder when w is divided by 2?
0
Let g(x) = x**2 + 12*x + 40. Calculate the remainder when 197 is divided by g(-12).
37
Let s(z) = z**3 + 2*z**2 + 53. Let i(b) = b**3 - 6*b**2 + 5*b. Let q be i(5). Calculate the remainder when s(q) is divided by 27.
26
Suppose -f = -5*o + 10, -o + 0*f = -f - 6. Suppose y + o = 9. Let l(c) = -23*c**3 - c**2 - c - 1. Calculate the remainder when l(-1) is divided by y.
6
Suppose -5*k - 2*f + 6 = -11, 0 = -4*k - 5*f. Calculate the remainder when ((-138)/(k - 2))/(-1) is divided by 16.
14
Let b = -15 - -40. Suppose 3*d + 2*m - b = 0, -2*m = 6*d - d - 39. Calculate the remainder when 26 is divided by d.
5
Suppose 119 = 2*h + i, -4*h + 0*i = -2*i - 226. Let z = h + 8. What is the remainder when z is divided by 17?
15
Let y = 111 - 98. What is the remainder when 73 is divided by y?
8
Let l(r) = r**2 - 16*r - 4. What is the remainder when 33 is divided by l(17)?
7
Let s = 5 - -3. Let q(h) = -h**3 + 8*h**2 + h - 7. Let p = 6 - 4. Calculate the remainder when p is divided by q(s).
0
Let s(x) be the first derivative of 0*x + 4*x**3 + 1/2*x**2 - 1. Calculate the remainder when 31 is divided by s(-1).
9
What is the remainder when (-6)/(-2)*(-455)/(-39) is divided by 15/2*8/5?
11
Let d(b) = 5*b**2 - b. Calculate the remainder when 40 is divided by d(-1).
4
Suppose 8*c - 4*c = 44. What is the remainder when 4/22 + (-2694)/(-66) is divided by c?
8
Suppose 0*m - 2*i + 37 = m, -m + 46 = 5*i. What is the remainder when m is divided by 8?
7
Calculate the remainder when ((-22)/8)/((-5)/20) is divided by 7.
4
Let a be -1 + 4/4 + 40. Suppose a = v + 3*v. What is the remainder when 38 is divided by v?
8
Suppose z - 4*x = -5*x + 44, 0 = z - 2*x - 29. What is the remainder when z is divided by 21?
18
What is the remainder when 51 is divided by 6/(-14) - (-258)/14?
15
Let y = -25 + 20. Calculate the remainder when 51 is divided by 1/((y/9)/(-5)).
6
Let c(v) = v**2 - 5*v + 7. What is the remainder when 62 is divided by c(7)?
20
Let h(g) = -g**2 + 14*g - 2. Calculate the remainder when h(9) is divided by 11.
10
Suppose 0 = 4*x + 15 - 3. Let k = -2 - x. What is the remainder when (-4)/(-6)*(-3)/(-2) is divided by k?
0
Let m(z) = 8*z**2 + 7*z + 8. What is the remainder when m(-3) is divided by 12?
11
Suppose 0 = -o - 18 + 42. Calculate the remainder when 68 is divided by o.
20
Let b = 19 + -27. Let h = b + 20. Calculate the remainder when 23 is divided by h.
11
Let s = -12 + 12. Suppose 44 = 2*q - s*q. What is the remainder when 41 is divided by q?
19
Calculate the remainder when (-10)/(-4)*1176/30 - 0 is divided by 17.
13
Suppose -a + 15 = -4*r - 9, 2*a - 3*r - 53 = 0. Let z = a - 0. Let s(n) = n**3 - 3*n**2 - 2*n + 2. Calculate the remainder when z is divided by s(4).
8
Let z(r) = 35*r**3 - 2*r + 1. Let m(d) = d - 16. Let f be m(9). Let x = 19 + f. Calculate the remainder when z(1) is divided by x.
10
Suppose 4*j + 1 = 5, 0 = 2*f - 5*j - 65. What is the remainder when 67 is divided by f?
32
Let y be 1*(1 + -2) + 13. Calculate the remainder when 50 is divided by 240/y + -1*3.
16
Suppose -26 = -3*o + 2*o. What is the remainder when 101 is divided by o?
23
Suppose -20 = -5*z + z. Suppose 0 = -i + 2*s + 7, -i + 4 = -z*s - 3. What is the remainder when 12 is divided by i?
5
Calculate the remainder when -40*(0 + 9/(-4)) is divided by 24.
18
Let c(m) = m**3 - 9*m**2 + 8*m + 11. Let z be (-1)/(0 + 2/(-6)). Suppose 40 = z*b + 2*b. What is the remainder when c(b) is divided by 6?
5
Let z(v) = 13*v - 4. Let m(k) = 1. Let g(p) = 2*m(p) + z(p). Let x be g(4). Suppose -u - x = -6*u. Calculate the remainder when u is divided by 6.
4
Suppose -175 = -2*f - 123. Calculate the remainder when 74 is divided by f.
22
Let j = -14 - -30. Suppose -3*c + 2*c + 9 = 0. Calculate the remainder when j is divided by c/(-4)*24/(-9).
4
Let b(f) = 3*f - 14. Let w(c) = c**2 + c - 7. Let j be w(-5). Calculate the remainder when b(j) is divided by 7.
4
Let b = -342 + 554. Suppose -4*r - 152 = -3*a, 2*r - b = -4*a + 5*r. Suppose 5*i = 106 - 11. Calculate the remainder when a is divided by i.
18
Suppose -4*o + a + 3*a = -24, -o = -5*a - 18. Suppose 4*n - 10 = 4*c - 54, n - 33 = -o*c. Suppose t = -t + 40. What is the remainder when t is divided by c?
9
Let n(a) = 3*a - 9. Let u(x) = 7*x - 19. Let s(o) = -5*n(o) + 2*u(o). What is the remainder when 1 is divided by s(6)?
0
Let j = -53 + 72. What is the remainder when 54 is divided by j?
16
Suppose 3*j = -3*l + 78, -2*j + 74 = j + l. Suppose 3*o - 31 = -2*p, 3*o - j = o - 3*p. What is the remainder when 24 is divided by o?
6
Let z(u) = 2*u**2 + u - 5. Let x be z(3). Suppose -12*b = -x*b + 92. What is the remainder when b is divided by 13?
10
Suppose -b + 1 + 2 = 0. Let m(t) = t**2 + t - 4. Let s be m(b). Suppose 83 = 3*j + s. What is the remainder when j is divided by 9?
7
Suppose j + 1 = 0, -2*j - 31 - 11 = -4*p. Calculate the remainder when 17 is divided by p.
7
Let d = 7 + -5. Suppose x + 0*s = -2*s + 24, 16 = d*x - 4*s. Calculate the remainder when 4/10 - (-2280)/50 is divided by x.
14
What is the remainder when 56 is divided by (-36)/6*15/(-6)?
11
Let j(m) = -m**2 - 2*m - 8. Let t be j(0). Calculate the remainder when (-4 + 0)/(t/68) is divided by 12.
10
Let x(h) = -h**3 - 6*h**2 + 6. Let c be x(-6). Let u(a) = a**3 - 6*a**2 + 2*a - 2. Calculate the remainder when 38 is divided by u(c).
8
Suppose -5*x + 170 = 50. Calculate the remainder when x is divided by 13.
11
What is the remainder when ((-108)/21)/(1/(-14)) is divided by 37?
35
Let d(w) = -9*w**3 - w**2 + 1. Calculate the remainder when d(-1) is divided by 194/38 + 14/(-133).
4
What is the remainder when 26 is divided by -6*(-3)/(18/10)?
6
Suppose -c + 0*c = 6. Suppose -5*s + 10 + 0 = 0. What is the remainder when (0 - 0 - c) + -1 is divided by s?
1
Let g = 11 - 8. Suppose 2*k + 44 = 4*h - 2*k, -5*h = -2*k - 58. What is the remainder when h is divided by g?
0
What is the remainder when ((-50)/15)/(1/(-6)) is divided by 11?
9
Suppose 3*b - t - 122 = 0, -4*b - 2*t = -49 - 107. Let r = -21 + b. Calculate the remai